 4, -n = -4*o - 12. Give z(o).
6
Let b(n) = -2*n - 6. Let l(m) be the first derivative of 3/2*m**2 - 20 + 11*m. Let g(o) = 5*b(o) + 3*l(o). Give g(4).
-1
Suppose 2*j = 0, 2*j + 6 = -5*y + 7*y. Let n(a) = 3*a**2 + 3*a**2 - 5*a**2 - 7*a**y + 2*a**3. Let d be (-4)/6 - 13/39. Calculate n(d).
6
Let w be 17*(-1)/(-2)*(-11 + 13). Suppose 0*c = 3*k + c + 22, -3*k - 2*c = w. Let r(d) = d - 9. Give r(k).
-18
Let f(g) = -g**3 + 12*g**2 - 11*g - 8. Let y = 211 - 506. Let a = y + 306. Give f(a).
-8
Let g(c) = c - 2. Let p(t) = -t**2 - 23*t - 45. Let n be (7/3)/(54/(-486)). Let u be p(n). What is g(u)?
-5
Let n(o) be the second derivative of -5*o**3/6 + 39*o**2 + 1882*o. What is n(16)?
-2
Let b be (-108)/(-26) + 8/(-78)*162/108. Let w(r) = -r**2 - 3*r + 36. What is w(b)?
8
Let d(j) = -j**3 + 4*j**2 - 4*j - 2. Suppose 10 = -5*y + 5*f, -3*f = 2*y + 11 - 32. Give d(y).
-5
Let k(l) = -3*l. Let c be (-1)/(-3)*(-6 + 12). Suppose 3*p + 4*b + 16 = 2*p, -8 = -2*p + c*b. Let o be p + (0 - 1) + 3. Calculate k(o).
-6
Let k(t) = -62 - 17 - 68 + 20*t + 38 - 14. What is k(6)?
-3
Let c(n) = -n**3 - 19*n**2 + 50*n - 5. Let j be c(-21). Let t = j + 169. Let f(u) = 2*u**2 + u + 5*u + 5 + u. What is f(t)?
9
Let i(q) be the third derivative of q**6/120 + q**4/8 + q**3/3 - 213*q**2 - 5*q. Give i(-1).
-2
Suppose -3*r + 5 + 14 = -p, 12 = 3*r. Let c(h) = -9*h**2 + 38*h**3 - 11*h + 35*h**3 - 74*h**3 - 8. What is c(p)?
-29
Let l(w) = 7*w**2 + 2*w - 1. Let v(i) = i**2 + i + 1. Let t(h) = l(h) - 6*v(h). Let u be (-77)/33 + (228/(-304) - 23/12). What is t(u)?
38
Let d(t) = -4*t**3 + 50 + 10*t**3 - 27*t - 5*t**3 - 24*t**2. Let v be d(25). Let a(x) = x**3 - x**2 - x + 5. What is a(v)?
5
Let k(f) = 1582*f + 12 + 1580*f - 3156*f + 6. Calculate k(-6).
-18
Let x be (-18)/33*(-44)/6. Let j be 1/4 + (x - 7/(-4)). Let v(r) = r**3 - 6*r**2 + 3*r + 7. Calculate v(j).
25
Let m(v) = -42*v - 1305. Suppose 0 = -3*l + 2*t - 97, -2*t - 80 = 2*l - 22. What is m(l)?
-3
Let f(s) be the first derivative of -5*s**4/4 - s**3/6 + s**2/2 + 38*s - 187. Let t(y) be the first derivative of f(y). Give t(1).
-15
Let m(r) = r**3 - 20*r**2 + 22*r - 23. Let w be m(20). Let u(j) = -6*j**2 + w*j - 413*j + 11*j**2. Give u(-3).
33
Let i be 17 + (-5 + 1 - 2). Suppose i*j + 6 - 17 = 0. Let u(p) = -1 + 9*p**2 + 2 + 12*p**2 - p. What is u(j)?
21
Let y(t) be the first derivative of t**4/4 - 16*t**3/3 + 59*t**2/2 + 11*t - 311. What is y(6)?
5
Let z(k) = -k**2 - 6*k - 4. Let v be z(-4). Suppose 2*a = 4*f - 12, f - a = -v*a + 10. Let o(h) = -f*h - 1863 + 1863. What is o(1)?
-4
Let p(n) = -24*n - 1. Let l = -117 - -113. Let f be (l + (0 - -12))/2 + -5. Determine p(f).
23
Let z(y) = -9*y**3 - 2*y**2 - 7*y - 6. Suppose 4*u = -h - 17, -40*u + 41*u + 5 = -h. Determine z(h).
8
Suppose -3*l - 10*t + 25 = -11*t, -t - 5 = -l. Suppose 23 = -11*n - l. Let c(w) = w**3 + 2*w**2 + 1. Calculate c(n).
-8
Let d(l) = -l**3 - l**2 - l + 10. Let k = -58 - -14. Let z be (-110)/k*(1 + 17*1). Suppose 6*j = z - 45. Calculate d(j).
10
Let c(i) = 14*i**2 - 17*i**3 + 10 + 13*i + 16*i**3 + 24. Let b be c(15). Let d(n) = 2*n + 4. What is d(b)?
12
Let y(v) be the third derivative of -v**5/12 + v**4/24 + 3*v**2. Let f = 3743 + -3744. Give y(f).
-6
Let s(j) = -j - 2. Suppose 2*y - m = -4*m + 45, 40 = 2*y + 2*m. Suppose 0 = -5*h + 327 - 302. Suppose 37 = -h*u - 4*o, 2*o = 7*o + y. What is s(u)?
3
Let w = 474 + -454. Suppose 0 = -0*y - 4*y - g + 1, w = -5*y + 3*g. Let s(v) = 26*v + 3*v + 1 - 5*v. Give s(y).
-23
Let q = 1737 + -1748. Let k(l) = l**2 + 11*l - 8. Determine k(q).
-8
Let b(l) be the second derivative of -23*l**3/6 - 115*l**2/2 - 2*l - 236. Calculate b(-5).
0
Let h(f) = -5*f**2 - 3*f - 1. Suppose 10*x + 175 = 155. Give h(x).
-15
Let j = 26 - 16. Let p(z) = j + 195*z - 2 - 196*z - 2. Calculate p(7).
-1
Let d = 6 + -13. Let k(h) be the first derivative of h**2/2 + 7*h - 31. Calculate k(d).
0
Suppose -37*k = -33*k - 12. Let o(u) = 17*u**2 - 8*u - 50*u**2 + 18*u**2 + 14*u**2 - k. What is o(-3)?
12
Suppose 0 = 11*c + 90 - 409. Suppose -l = -5*n + c, 4*n - 1 = l + 23. Let d(i) = 2*i + 2*i + n*i - 3*i. What is d(1)?
6
Let r(d) = 13*d - 10. Let p(w) be the first derivative of -11*w**2/2 + 8*w - 21. Let x(a) = -6*p(a) - 5*r(a). Determine x(-5).
-3
Suppose 4*w = 5*l - 46, -10*w + 16*w = 6. Let g(z) = -7*z + 75. What is g(l)?
5
Let t = -5454 - -327247/60. Let a(c) be the third derivative of -7*c**2 + 0*c + 11/24*c**4 + 0 - 2*c**3 + t*c**5 - 1/120*c**6. Determine a(8).
12
Let d(g) be the second derivative of 0 - 4/3*g**4 - 5/2*g**3 + 0*g**2 + 84*g - 1/20*g**5. Determine d(-15).
0
Let a(g) = -g**3 + 6*g**2 + g - 3. Let n = 41 + -35. Let q be a(n). Let m(b) = -2*b**2 - 4*b**2 - 2*b + 1 + 0*b**q + 0*b**3 + b**3. Calculate m(6).
-11
Let p = 10697 - 10670. Let h(l) = -l**3 + 28*l**2 - 30*l + 75. Calculate h(p).
-6
Let y(p) = 2*p**2 - 19*p - 36. Let c(o) = o**2 + 1. Let r(k) = -3*c(k) + y(k). Let m be r(-17). Let j(u) = -22*u - 2*u + 2*u + 21*u. Determine j(m).
5
Let u(y) = 0*y - 30 - y + 39. Let i = -44 + 45. Let a(r) = 1. Let b(k) = i*u(k) - 4*a(k). Determine b(6).
-1
Let w(x) = x**3 - 63*x - 167. Let y be w(-3). Let s(r) = -r**2 + r + 12. Determine s(y).
-18
Let h(x) = -10*x + 32. Let d(t) = 2*t - 7. Let u(g) = -30*d(g) - 5*h(g). Calculate u(4).
10
Let w(i) be the third derivative of -i**5/60 - 5*i**4/3 - 61*i**3/3 - 187*i**2 - 5*i + 3. Give w(-36).
22
Suppose 5*p - 5*l + 55 = 0, 3*p - 3*l = -p - 47. Let z(g) = -2*g - 2*g + 2*g**2 + 15*g + 19 + 0*g + 4*g - g**2. Give z(p).
5
Suppose x - 8 = 3*o + 15, 5*x = o + 31. Let t(z) = 14*z + 23. What is t(o)?
-61
Let p(x) = -7*x**2 + 33*x - 36. Let t be p(3). Let j(w) be the second derivative of t - 5/3*w**3 + 3/2*w**2 + 1/12*w**4 - 4*w. What is j(9)?
-6
Let w(k) be the first derivative of -2*k**2 - 12*k - 101. Let c(x) = -x - 3. Suppose 6*z - 3*z = 27. Let i(s) = z*c(s) - 2*w(s). What is i(-3)?
0
Let m(r) = -12*r**2 + 2*r + 3. Let k be (2/12)/(-4*18/432). What is m(k)?
-11
Let p be (8/(-288))/(52/(-12) - -1). Let j(o) be the third derivative of p*o**6 + 1/3*o**3 - 1/10*o**5 + 0 + 0*o + 35*o**2 - 7/24*o**4. Determine j(7).
2
Let u(n) = -3*n - 143. Suppose -30*g + 42*g - 3*o = -588, 0 = 5*o - 40. Give u(g).
-2
Suppose -2*n = -6*n - 48. Let d(j) = -j**3 - 41*j**2 + 3*j**2 - 31*j + 15*j**2 - j**2 + 9 + 11*j**2 + 21*j. What is d(n)?
-15
Suppose 5*s + 0*s = 45. Let k(n) = -2*n + 6. Let d be k(-2). Let q(y) = 3*y - 1 - 2*y - d. What is q(s)?
-2
Let i be (10/6)/(15/18). Suppose l + 25 = -i*l - 5*y, 5 = 5*l - y. Suppose l = -13*f - 14 + 53. Let a(b) = -b**3 + 3*b**2 - 3*b - 1. Give a(f).
-10
Let g(n) = 66*n - 30*n - 27*n + 118. Calculate g(-13).
1
Let j(p) = -2*p**3 - 28*p**2 + 29*p - 8. Suppose 0 = 5*s + 3*u + 102, 3*u + 37 = s + 25. Give j(s).
7
Let f(c) = -4*c**3 - 6*c**2 - c - 2. Let i be f(0). Let o(z) = -4*z**2 - 8*z - 11. Determine o(i).
-11
Let t = 41 + -20. Let y = 23 - t. Let i(k) = k - 3 - k**2 + y*k + 6*k - 4*k. Give i(3).
3
Let i(v) be the third derivative of -v**5/60 - 13*v**4/24 + v**3/2 - 734*v**2. What is i(-14)?
-11
Let g(l) = l. Let x be g(5). Let r(u) = -44*u**3 - 6*u - 1 + 7*u**2 - u**2 + x + 43*u**3. Determine r(4).
12
Let s(l) = -l - 17. Let a(j) = -578*j + 198*j + 1 + 191*j + 190*j. Let o be a(-10). Determine s(o).
-8
Let n(j) = -9*j + 38. Suppose 6*u + 0 = -6. Let m be -1 + 9 - u/((-2)/8). Let w be n(m). Let q(t) = -t**3 + 2*t**2 - 4*t + 2. Give q(w).
-6
Suppose -12*j + 280 = -0*j + 2*j. Let l(z) = z**3 - 19*z**2 - 16*z - 84. Calculate l(j).
-4
Let u(k) = -12*k + 7. Let n(p) = 22*p - 12. Let t(o) = 4*n(o) + 7*u(o). Suppose 4*l - l = 0. Let q be (-12)/16*(l + 4). What is t(q)?
-11
Let j = 75 - 55. Suppose u = -3*u + j. Let a(b) = 4*b**3 + 2*b**2 + 5*b + 2. Let k(m) = 3*m**3 + 2*m**2 + 4*m + 1. Let v(w) = u*k(w) - 4*a(w). Calculate v(3).
-12
Let b(p) be the second derivative of p**4/12 + p**3/2 - 5*p**2 + 954*p. What is b(-4)?
-6
Let l(z) = 14*z - 2. Let o be l(1). Let k(b) = 10*b**2 + o - 16 + 9*b + 27*b**3 - 26*b**3. Let t be ((-9)/(-4))/((-2)/8). What is k(t)?
-4
Suppose 31*c = 19*c + 144. Let n(h) = -8*h**3 - 47*h**2 + 5*h + 53. Let y(q) = 3*q**3 + 16*q**2 - 2*q - 18. Let b(w) = -4*n(w) - 11*y(w). Give b(c).
10
Let s(q) = 6*q**2 - 179*q - 161. Let u(h) = 5*h**2 - 150*h - 158. Let g(n) = -6*s(n) + 7*u(n).